ne q(l).
8
Let i(x) = -19*x**2 + 10*x - 89. Let r(h) = -7*h**2 + 4*h - 31. Let v(z) = 4*i(z) - 11*r(z). Determine v(-6).
45
Let j(y) be the second derivative of y**6/120 - y**5/6 - 5*y**4/12 - 3*y**3/2 - 20*y**2 + 42*y. Let f(b) be the first derivative of j(b). Determine f(11).
2
Let i(t) = t**3 + 7*t**2 + 8*t + 14. Let u = 535 + -496. Suppose 5*b + 0 = 4*q + u, 3*q = -3*b - 9. Determine i(q).
2
Let t(a) = -8*a**2 - 7*a + 2. Let s(h) = -h. Let l(b) = -3*s(b) + t(b). Determine l(-2).
-22
Let x(q) = -4*q + 5. Suppose -4*r + 78 = 3*t, -3*t - 56 = -3*r - 4*t. Let l be (110/44)/(15/r). What is x(l)?
-7
Let p(y) be the third derivative of y**5/20 - 7*y**4/12 + 13*y**3/6 - 2*y**2 - 40*y. Let j(q) = -2*q**2. Let n(z) = j(z) + p(z). Calculate n(13).
0
Let o(c) = 18*c**2 + 6*c + 7. Let w(f) = 38*f**2 + 11*f + 14. Let v(t) = -13*o(t) + 6*w(t). Calculate v(-2).
-7
Suppose 0 = -5*v + 75 + 10. Suppose -4*j + 4*s = 0, -19 = -5*j - 4*s + v. Let z(c) = -j - c - 5 + 13. Determine z(-3).
7
Let h(g) = -2*g + 2. Let l(j) = 3*j + 32. Let t be l(-10). Let z be -51 + t + -1*1. Let i = z + 53. Give h(i).
-4
Let h(o) = -647 - 648 + 37*o**2 + 1302 - 15*o. Let s(t) = -43*t**2 + 16*t - 8. Let j(f) = 7*h(f) + 6*s(f). What is j(8)?
-7
Let w(f) be the second derivative of -2*f**3/3 - f**2 + 2198*f. Give w(-4).
14
Let h(d) be the third derivative of 5*d**5/12 + d**3/6 - 982*d**2. Calculate h(1).
26
Suppose 4*l - 5*m = 63 - 70, 4*l + 3*m = -47. Suppose 0*c = c + 4*n - 16, -4*n + 8 = -c. Let v(b) = -2*b + c*b - b + 10 + b. Give v(l).
-6
Let h(c) = c**3 - 5*c**2 + 5*c + 4. Let j(v) = 26*v - 34. Let k(l) = -51*l + 71. Let u(n) = 7*j(n) + 3*k(n). Let q be u(1). Give h(q).
8
Let g(f) = -38*f + 51. Let c(x) = 11*x - 17. Let v(l) = 7*c(l) + 2*g(l). What is v(13)?
-4
Suppose 99*g + 1924 - 229 = -14*g. Let q(a) = a**2 + 10*a - 70. Determine q(g).
5
Let z(s) = s**2 - 5*s + 7. Let b(p) = p**2 + 8*p + 5. Suppose -5*t = -48 + 18. Suppose -4*f - 28 = 4*j, j = -f - j - t. Let l be b(f). Give z(l).
7
Let s(h) be the first derivative of -169 - 2*h**3 - 1/4*h**4 + 3*h - 2*h**2. What is s(-5)?
-2
Let x(j) = 5*j + 12. Let d(h) = 4*h**2 + 111*h + 175. Let n be d(-26). What is x(n)?
-23
Let a(g) = 23*g**2 - 25*g + 4. Let l(q) = -12*q**2 + 12*q - 2. Let d(p) = -3*a(p) - 5*l(p). Let y be d(2). Let h(n) = -n**2 - 10*n - 19. Determine h(y).
-3
Let q(i) = -8*i - 82. Let x be q(-15). Let a(c) = -c**2 + 5*c - 3. Let p be a(3). Let v(r) = -r**2 - x + r**3 + 39 - 2*r + 0*r**p. Calculate v(-2).
-7
Let r(d) = 6*d**2 + 8*d + 2. Let y(w) = 91*w**2 + 87*w**2 - 176*w**2 + 2*w. Let i(o) = -r(o) + 4*y(o). Give i(-2).
6
Let l(u) = 29*u + 10. Let m(x) = -8*x - 15. Let t(c) = -16*c - 28. Let k(a) = -11*m(a) + 6*t(a). Let g(b) = 22*k(b) + 6*l(b). Give g(-6).
6
Let n be 12/(-2) + (3 - 6) - 12. Let m(w) = -w**3 - 20*w**2 + 26*w + 60. What is m(n)?
-45
Let a(v) be the second derivative of v**4/6 + 8*v**3/3 + 29*v**2/2 + 3018*v. Determine a(-5).
-1
Let q(i) = i**2 + i + 3. Let p = -175 + 178. Suppose 4*z + 2*j = -26, z = -2*z + p*j + 3. Calculate q(z).
15
Let h(b) = -b - 1. Let o be h(-3). Let f(z) = -z + 7. Determine f(o).
5
Let k(j) = 9 + 50 - j**2 + 40 + 18 - 2*j - 16*j. Determine k(5).
2
Let y(w) = 22*w + 3. Let t be y(-1). Let c(i) = -i**2 - 11*i - 12. Let s be c(-5). Let j = t + s. Let z(f) = 7*f**2 + 2*f + 1. Give z(j).
6
Let f(a) = 13*a**3 - 16*a**2 + 5*a - 11. Let p(t) = 31*t**3 - 39*t**2 + 12*t - 27. Let c(b) = 12*f(b) - 5*p(b). Give c(-3).
3
Let f(a) be the first derivative of -224 - 1/3*a**3 - 6*a**2 + 28*a. Calculate f(-14).
0
Let s(b) be the second derivative of -b**5/20 - 5*b**4/12 - 2*b**3 + b**2 - 107*b. Calculate s(-5).
62
Suppose -19*n = -17*n - g - 6, 0 = -2*g - 4. Let j(s) = 0*s**2 + 12*s**3 + 2*s**2 + 5*s**n - 3*s**2 - 11*s**3. Suppose -5*f + 2*f = 9. Calculate j(f).
9
Let p(l) be the second derivative of -l**5/20 - 7*l**4/12 - 2*l**3/3 - 3*l**2 - 3*l. Let t(i) = -22*i**2 + 135*i - 24. Let f be t(6). Calculate p(f).
-18
Let u(z) = 4*z**3 - 3*z**2 + 2*z - 1. Let f = -2028 + 2030. Determine u(f).
23
Let c(u) = -5*u**3 + 126*u**2 - 48*u - 64. Let s(k) = 6*k**3 - 144*k**2 + 47*k + 63. Let j(a) = 5*c(a) + 4*s(a). What is j(53)?
-15
Let t(k) be the second derivative of 1/6*k**3 + 1/4*k**4 + 1/20*k**5 - 65*k + 0*k**2 - 1. What is t(-2)?
2
Let u(l) = -6518 + 3261 + 10*l**2 - 3*l + 3253. Calculate u(-3).
95
Let i = -3020 + 3017. Let m(d) be the third derivative of d**6/60 + d**5/20 - d**4/6 + d**3/6 + 2*d**2. What is m(i)?
-14
Let x(l) be the third derivative of 1/120*l**6 + 0 + 0*l - 1/2*l**3 + 4*l**2 - 1/12*l**5 + 1/12*l**4. Suppose 4*b - 15 = b. Determine x(b).
7
Suppose 1 = q - 1, 4*s - 4*q = -68. Let i(x) = x**3 + 14*x**2 - 16*x - 26. Let b be i(s). Let g(y) = -y**2 - 10*y + 14. Determine g(b).
3
Let s be (-2 - 2)*(-2 + 5). Let l(g) be the first derivative of -g**2/2 - 12*g + 54697. Give l(s).
0
Let m(j) be the second derivative of -4*j**3/3 + 131*j**2/2 + 3*j - 64. Calculate m(17).
-5
Suppose -4*g = y - 4, -6 + 7 = g - y. Let n(k) = -20*k**2 + 2*k + 1. Let w(r) = 61*r**2 - 5*r - 3. Let d(b) = -8*n(b) - 3*w(b). What is d(g)?
-23
Let j be 1512/(-98) + (-1 - -2) - (-8)/(-14). Let v(t) = -t - 18. What is v(j)?
-3
Let p(x) = x**3 + 11*x**2 + 13*x + 32. Let y(l) = -l + 10. Let j be y(20). Let t be p(j). Suppose -t*f - 8*f = 40. Let k(r) = -r**2 - 5*r - 2. Determine k(f).
2
Let x be ((-11)/11)/(2*(-2)/4). Let l(w) = 5*w**3 + w + 8. Let f(m) = -m**3 + m**2 - 2. Let s(v) = x*l(v) + 6*f(v). What is s(6)?
2
Suppose -3*l = -l. Suppose l*b = -3*b. Let p(m) = -12*m**3 - 12*m**2 - 7*m + 2. Let s(i) = 7*i**3 + 7*i**2 + 4*i - 1. Let o(y) = 3*p(y) + 5*s(y). What is o(b)?
1
Let n(a) = -36*a + 26. Let g(w) = -17*w + 12. Let s = -10 + 16. Let i(c) = s*n(c) - 13*g(c). Let f(t) = t**2 - 8*t + 3. Let j be f(8). What is i(j)?
15
Suppose -g - 3*h = -15, g + 3*g + 4*h = 52. Let b(p) = 0*p - g*p - 10 + 7 + 7*p - 2*p**2 + 3*p**2. Calculate b(6).
3
Let z(l) be the first derivative of 5*l**4/4 + 4*l**3/3 + 3*l**2/2 + l + 4411. Calculate z(-2).
-29
Let s(j) = j + 1. Suppose -2*l = 3*c + 2, 22 = c - 0*l - 5*l. Let n(h) = 47 - 44 + 0*h + c*h. Let r(g) = -3*n(g) + 7*s(g). Determine r(4).
2
Let y(l) = -17*l - 16. Let t(d) = 26*d + 14. Let f(n) = 2*t(n) + 3*y(n). What is f(12)?
-8
Let k(v) = 18*v - 1. Suppose 5*s = 3*n + 35, s - 2*n + 11 = -5*n. Suppose l - m - s = 0, -5*l = -10*l + 4*m + 17. Determine k(l).
17
Let s(x) be the first derivative of 18*x**3 - x**2/2 - 2*x + 938. Give s(-1).
53
Let l(d) = 2*d**2 + 4*d + 2. Let k be l(-2). Let q(u) = 4 + u + k*u - 3. Let z = -82831 + 82836. Calculate q(z).
16
Let l = -2 + -288. Let s = -296 - l. Let p(d) = 5*d - 2 + 1 - 4*d. Determine p(s).
-7
Let n(f) = f**3 - 5*f + 7. Let z(i) = 2*i**2 + 10*i - 91. Let a be z(-19). Let p = -439 + a. Determine n(p).
5
Let v(o) = 5. Let z(h) = h + 32. Suppose 0 = -21*r + 25*r + 156. Let n(d) = r*v(d) + 6*z(d). Determine n(2).
9
Let k = -4 + 13. Let c(u) = 1 - k*u + 8*u - 4. Let g = -86 + 77. Give c(g).
6
Let s(t) = t**3 + 10*t**2 - 6*t - 15. Suppose -2604 = 4*r - 4*x, 0 = -3*r - 3*x - 2066 + 143. Let u = r - -636. What is s(u)?
45
Let r(j) = -182*j**3 + 14*j**2 + 183*j**3 + 23*j + 65557 - 65583. Calculate r(-12).
-14
Let c = -2 + -2. Let d(q) = -23200443 + 23200444 - 4*q**2 + 5*q + 7*q**2. Give d(c).
29
Let u(z) be the third derivative of -36*z**2 + 0*z**3 + 0*z + 1/20*z**5 - 1/24*z**4 + 2. Give u(-3).
30
Let d(u) = -u**3 - u**2 + u + 1. Let z(r) = 4*r**3 + 3*r**2 - 2*r - 4. Let v(f) = -5*d(f) - z(f). Let j(k) = -75*k + 446. Let s be j(6). Calculate v(s).
-21
Let i(k) = -8*k**2 - 10*k - 1497*k**3 - 13*k**2 + 1484*k**3 + 13. Let y(x) = 5*x**3 + 7*x**2 + 4*x - 4. Let c(v) = 3*i(v) + 8*y(v). Give c(6).
-17
Let x(v) be the first derivative of 12*v**2 + 0*v**5 + 0*v**4 + 1/120*v**6 - 21 + 1/6*v**3 + 0*v. Let u(a) be the second derivative of x(a). What is u(-2)?
-7
Let g(f) be the second derivative of 7/12*f**4 - 1/6*f**3 - 14 - 5*f - f**2. Give g(-2).
28
Suppose 4 = -49*y + 53*y. Let p(t) = 2*t**2 + 0 + 46*t + 44*t - 90*t + y. Give p(-2).
9
Let l(t) = 4*t**3 - 3*t**2 + 5*t + 1. Let a(u) = u**3 - u**2 + u. Let s(w) = -11*a(w) + 3*l(w). What is s(-3)?
-18
Let m = 1152 - 1146. Let o(t) be the third derivative of -t**6/120 + t**5/10 - t**4/12 + 7*t**3/6 - 5*t**2. Wh